8 - -887. What is the ten thousands digit of g?
1
Suppose 2*n = 4*n + 2*n. Suppose -2*q = -a - 3173, -4*q + 2*q - 4*a + 3148 = n. What is the tens digit of 13/(273/q) - (-3)/(-7)?
7
Let q(h) = -565*h**3 - h - 2. Let c be q(-1). Suppose -17*p + 15*p = 5*g - 563, 2*p - c = -4*g. What is the tens digit of p?
8
Suppose 0 = 4*j + h - 6638 - 344, -4*j + 6990 = 5*h. Suppose -1535 = -8*v + j. What is the tens digit of v?
1
Let v(w) = 3*w - 59. Let x be v(16). What is the units digit of (x/((-462)/(-12)))/(1/(-91))?
6
Let x(b) = -3*b**3 + 19*b + 1. Suppose 8*t - 13 = -61. What is the hundreds digit of x(t)?
5
Let k(w) be the second derivative of 5*w**3/6 - 7*w**2 - w. Let i = -11035 + 11043. What is the units digit of k(i)?
6
Let n be 4/(-18) - (-7240)/180. Suppose 0 = -0*y + 8*y - n. Let k(x) = x**3 - 5*x**2 - x + 10. What is the units digit of k(y)?
5
Suppose 0 = 5*u - 4*q + 33 + 7, -2*u - 3*q - 39 = 0. What is the hundreds digit of -3 + u/21 + 11160/28?
3
Suppose -3*i + 731 = -337. Let f = 674 - i. What is the units digit of f?
8
Let p(i) = -30*i**2 + 278*i + 13. What is the hundreds digit of p(7)?
4
Let i(b) = -2*b**2 - 16*b - 6. Let u be i(-7). Let j be (u + -6)*(1 - (0 - 0)). Suppose -16 = -j*l - 0*l. What is the units digit of l?
8
Suppose -2*j - 4*a = -10902, -382*a + 21859 = 4*j - 385*a. What is the thousands digit of j?
5
Let n = -421 - -459. Suppose -3*v - 5*x = -2*v + 2, -5*x - 46 = 3*v. Let f = v + n. What is the tens digit of f?
1
Let c(u) = -4 - 3 - 8*u - 3*u - 13. What is the tens digit of c(-4)?
2
Let c(a) = -3*a - 5 + 61*a**2 - 2*a + 7*a. What is the units digit of c(2)?
3
Let v(y) = y**2 - 16*y + 19. Let o(x) = -3*x - 18. Let r be o(-11). Let u be v(r). What is the tens digit of (-452)/u*-1 + -5?
0
Let t be (-180)/(-14)*89404/(-93). What is the units digit of (3/(-9))/((44/t)/11)?
0
Suppose -2*w - 27 = -5*w. Suppose -198*g + 28*g = -57800. Suppose 13*o = w*o + g. What is the tens digit of o?
8
Suppose i - 6*s + 7*s = 86, -3*s + 341 = 4*i. Let q = i - 81. What is the tens digit of q/(-3)*2145/(-10)?
4
Let p = -8648 - -20118. What is the units digit of p?
0
Let f = 73008 + -43652. What is the thousands digit of f?
9
Let c(v) = 4*v**2 - 25*v + 776. What is the units digit of c(86)?
0
Let l be -376 + 0*(-4)/(-12)*1. Let h = -102 - l. Suppose -h = -6*u + 5*u. What is the units digit of u?
4
What is the tens digit of (0 - -856)/(((-56)/5)/2 - -6)?
4
Suppose 5*r - 10 = 0, 11*p - 2*r - 14446 = 9*p. What is the hundreds digit of p?
2
Let l(m) = -m**3 - 12*m**2 + 5*m - m**3 - 6 + m. Suppose 47*a + 310 = -66. What is the hundreds digit of l(a)?
2
Let o be (4 + 5/(-2))*-154. Let i = -67 - o. What is the units digit of -4 + 28/6 + i/6?
8
Let s(l) = 2*l**2 + 12*l + 1. Let y be s(11). Let x = 38 + y. What is the units digit of x?
3
Let v(b) = 84*b + 9. Let u be 5/(-20) + (-57)/(-4) + 3. What is the tens digit of v(u)?
3
Let k(x) = -2*x**2 + x**3 + x + 7*x**2 - 12*x**2 + 6*x**2 + x**3 + 200. Suppose -3*o = 2*o. What is the units digit of k(o)?
0
Suppose 0 = -5*f + 20, -4*k - 4*f = -7*f - 76. Suppose 16001 = k*t - 6395. What is the hundreds digit of t?
0
What is the thousands digit of -2 + 5 - (40 + -3360 - 12/3)?
3
Let t(l) = -3*l + 3 + 11 + 2*l**3 - 4*l - 20 + 42*l**2. What is the tens digit of t(-21)?
4
Let z(q) = -q**2 + 39*q - 41. What is the hundreds digit of z(31)?
2
Let x = -97 - -109. Suppose 0 = 2*q + x*q + 28. What is the hundreds digit of q/(-14) + 1/(14/1496)?
1
Let f(q) = 2*q - 6. Let a(j) = -5*j + 6. Let v(y) = 4*a(y) + 3*f(y). Suppose -5*r + 3 = -2*l, -3*r - 2*r = 5. What is the tens digit of v(l)?
6
Let g = -165 - -171. What is the hundreds digit of (-1 + g - 3) + 1254?
2
Suppose 556065 = 52*z - 615599. What is the thousands digit of z?
2
Let u(j) = 4*j**3 - 2*j**2 + 3*j - 1. Let i be u(1). Suppose -2*n + 449 = 5*a, -a = -i*n - 75 - 28. What is the tens digit of a?
9
Let a(q) = q**3 + 10*q**2 - 6*q - 12. Let i = -59 + 49. Let b be a(i). Suppose -7*j + 2*j - l + 80 = 0, 3*l = 3*j - b. What is the tens digit of j?
1
Let u be (0 - (-78)/24)*932. Suppose u = h + 12*h. What is the units digit of h?
3
Let r(t) = 2*t**2 - 16*t - 8. Suppose 14 - 6 = 4*n. Suppose n*l = 2*o + 26, 5*l - 2*o = -5*o + 41. What is the units digit of r(l)?
2
Let l(h) = 1365*h + 26. What is the tens digit of l(6)?
1
Let h(p) = p**3 + 4*p**2 - 7. Let n(v) = 2*v - 17. Let d be n(7). Let w be h(d). Suppose -5*r + 249 = 2*z, 3*z - 114 = -w*r + 7*z. What is the tens digit of r?
5
What is the tens digit of 5/(-40) + ((-40623660)/(-2400) - (-4)/(-10))?
2
What is the thousands digit of -15*(44996/(-42) + -16)?
6
Suppose -9*b = -3*r + 61215, 40790 = -3*r + 5*r + 4*b. What is the thousands digit of r?
0
Suppose -18 = -8*n + 11*n. Let z(y) = 4*y + 21. Let x be z(n). What is the hundreds digit of 3519/18 + x/(-6)?
1
Let x(n) = -n**3 - 2*n**2 + 13*n + 15983. What is the hundreds digit of x(0)?
9
Let m(l) = -9 + 5*l + 10*l - 9 + 2. What is the units digit of m(5)?
9
Let l(g) = -8*g + 73. Let b(c) = c**2 - 22*c + 63. Let w be b(18). What is the units digit of l(w)?
5
Let q be (-1 + -3)/(410/204 - 2). What is the units digit of (-27 + q)/((-1)/1)?
5
Let c = -13086 + 30806. What is the ten thousands digit of c?
1
Let i = -105470 + 173111. What is the tens digit of i?
4
Let y = -15118 + 40684. What is the ten thousands digit of y?
2
Suppose -1316723 - 2440821 = -119*c. What is the tens digit of c?
7
Suppose 14*y = -2*y + 240. Let b = y + -10. Suppose 77 = -b*r + 227. What is the tens digit of r?
3
Suppose 22*n + 49385 = 4*b + 27*n, -4*n = 28. What is the ten thousands digit of b?
1
Suppose -5*s + 190 = 2*i, -5*i = -4*i - 2*s - 86. What is the units digit of 5/i*4 + (-3693)/(-27)?
7
Let b = 273 - 494. Let y = b + 249. What is the units digit of y?
8
Suppose 0 = -6*r + 2189 + 3193. Let t = r + -335. What is the units digit of t?
2
Suppose 15*q - 19*q + 1672 = 0. Suppose -308 = 5*u - q. What is the tens digit of u?
2
Let z be (-3)/(-12) + 1893/12. Suppose -z = -j + 270. What is the units digit of j?
8
Let k(q) = 3*q - 51. Let i be k(17). Suppose -3*l - 73 + 539 = -c, 5*l + 2*c - 784 = i. Suppose 0*f - 4*f + l = 2*d, f - 4*d = 57. What is the tens digit of f?
4
Suppose -o = 1, -2*o - 7618 - 22632 = -2*g. What is the tens digit of g?
2
Let m = -167 - -172. Suppose -m*r - 461 = -3*t, 23*r = -4*t + 26*r + 633. What is the hundreds digit of t?
1
What is the thousands digit of 4635/4 - (-830)/664?
1
What is the units digit of 2 - -1 - (-17410 + 12) - (-5 + 5)?
1
Let t be (225/(-3))/(-3) + -3. Suppose 374 = 5*v - k, t = v - k - 56. What is the units digit of v?
4
Let a = -453 + -9. Let h = a - -1125. What is the hundreds digit of h?
6
Let m = 13 - 17. Let c be -32 - (-2 + 0)/(6 + m). Let z = 84 + c. What is the units digit of z?
3
Let g(q) = 27*q**2 + 1119*q + 46. What is the units digit of g(-52)?
6
Let d(l) = l + 167. Let y be d(-35). Suppose -6*w = -y - 216. What is the units digit of w?
8
Let g be -1*1*((-21)/(-3) + -5). Let t be (-178*g/(-4))/(-1). Let m = -38 + t. What is the units digit of m?
1
Suppose 5*v + 10 = 2*x, -5*x = -9*x - v - 24. Let l(r) = -r**2 - 6*r + 5. Let m be l(-6). What is the tens digit of 2 + x/(m/(-97))?
9
Let y(p) = p**3 + 7*p**2 + 5*p + 2. Let d(n) = -n**2 + n + 14. Let w be d(5). Let i be y(w). Let o(c) = 4*c**2 - 7*c - 15. What is the tens digit of o(i)?
8
Suppose 0 = 8*o - 6*o. Let i be (8 - 4)/(o - -1). Suppose 2*r - i*g = 204, 0*r - 387 = -4*r + g. What is the units digit of r?
6
Let j = 5 - -24. Suppose -3*c + 370 = 2*l, -475 = 30*c - 34*c + l. Suppose c = -24*w + j*w. What is the units digit of w?
4
Suppose 4*f - 108 = p - 5*p, 2*p - 48 = -4*f. What is the tens digit of (3*-4)/(p/(-410))?
6
Let a be (-2 + 6 + -4)*-1. Suppose -3*o + 0*o - 480 = a. What is the units digit of 4*1 + o/(-4)?
4
Let s(p) be the third derivative of p**5/15 + 5*p**4/24 - 49*p**3/6 - 5*p**2 - 21*p. What is the tens digit of s(-7)?
1
Suppose l + 2*w - 12643 = 0, -31*l = -33*l + 5*w + 25304. What is the ten thousands digit of l?
1
Suppose 3*r = x - 30183, 336*x + 60369 = 338*x - 3*r. What is the units digit of x?
6
Let h = 270 - 254. Let u(q) = 4*q**2 - 29*q + 19. What is the units digit of u(h)?
9
Let g be (-134)/(-201)*(-11478)/(-4). Let s = -1206 + g. What is the units digit of